se 0 = -r*f + 5*f. Let z(w) = w**3 - w**2 - w + 4. Give z(f).
4
Let t be -2*(6/(-4) - (-3 + 5)). Suppose -t*i + 12*i = -11*i. Let s(a) be the third derivative of a**5/60 + 4*a**3/3 + 3*a**2. What is s(i)?
8
Suppose 16*q = 5*h + 11*q - 690, -4*h + 550 = -3*q. Let p(m) = 12 - 17 + h*m + 37 - 140*m. Determine p(9).
-4
Let w(a) = -12*a - 19. Suppose -45 - 51 = 13*d - 70. What is w(d)?
5
Let m be 3480/522 - (-22)/(-6). Let w(a) = -2*a**2 + a + 4. Determine w(m).
-11
Let v = 11 + -5. Let k(m) = -m - 2 - v*m - m**2 + 3*m. Suppose -4*c - 24 = -54*z + 59*z, 0 = z - c + 3. Determine k(z).
-2
Let p(g) = -g**3 + 22*g**2 - 9. Let b(j) = 2*j**2 - 12*j + 32. Let a be b(5). Calculate p(a).
-9
Let i(z) = 503*z + 183. Let p(w) = 423*w + 154. Let x(t) = 37*i(t) - 44*p(t). Suppose 4*o - o = 9. Calculate x(o).
-8
Suppose -2*b - 58 = 102. Let x be (b + -3)*(-4 - -1). Suppose -3*o = -x + 216. Let l(k) = k**3 - 12*k**2 + 11*k + 7. Calculate l(o).
7
Let w(q) = q**2 + 4*q - 5. Suppose i = 5, u - 2*i = i + 42. Suppose u*k = 48*k - 36. Calculate w(k).
-5
Let n(g) = 10*g - 24406 + 3*g + 24396 - 19*g. What is n(-2)?
2
Let u(k) = -51*k**2 - 8*k - 19. Let j(s) = 33*s**2 + 5*s + 13. Let m(d) = 7*j(d) + 5*u(d). Give m(-1).
-23
Let z(b) = b**3 + 6*b**2 + b - 2. Let c(v) be the second derivative of 13/12*v**4 - 25*v - 9*v**2 + 1/20*v**5 + 0 + 11/6*v**3. Let x be c(-12). Give z(x).
-8
Suppose -3*r - 16 = 2*f - 4*r, 3*f - 3*r + 24 = 0. Let z(j) be the third derivative of 0 - 5/3*j**3 + 48*j**2 + 0*j + 1/60*j**5 + 3/8*j**4. What is z(f)?
-18
Let a be 102/18 - 112/42. Let u(v) be the second derivative of -3/2*v**2 + 0 - a*v - 1/6*v**3. What is u(-3)?
0
Let s be (8/6 + -1)/((-2)/(-12)). Let l(j) = 10*j - 5 + 0*j - 6*j - 5*j - s. Give l(-6).
-1
Let v(u) = -25*u - 4 + 9*u + 4*u + 2*u. Calculate v(-4).
36
Let z(r) = 3*r**3 - 11*r**2 + 18*r + 2. Let x(u) be the first derivative of u**4/4 - 2*u**3 + 9*u**2/2 - 100. Let o(f) = -5*x(f) + 2*z(f). What is o(-9)?
4
Let d(m) = 8*m + 4. Let f(q) = 5*q + 4. Let t be (-4 - -6)/(-1) - (2 - 2). Let z(l) = t*d(l) + 3*f(l). Give z(-4).
8
Let l be (-5)/((-146)/390 - (-28)/70). Let u = 187 + l. Let a(y) = -y + 2. Determine a(u).
10
Let o(y) = 53*y - 4 + 3*y**2 + 56*y + 47*y + 48*y - 202*y. Suppose b = -5*j + 28 - 11, -2*b = -j + 10. Calculate o(b).
17
Suppose -73*x - 78*x - 27 + 2594 = 0. Let d(s) = 2*s**2 - 32*s - 24. Give d(x).
10
Let y(c) = 45*c - 206. Let v(x) = -16*x + 69. Let k(w) = -17*v(w) - 6*y(w). Determine k(-28).
7
Let m(r) = -r**3 + 5*r**2 + 7*r + 3. Let g(j) = j**3 - 5*j**2 - 13*j - 3. Let d(t) = -2*g(t) - 3*m(t). Let f be 1/(3/108*-2). Let b = 22 + f. What is d(b)?
1
Let l(g) be the first derivative of -8*g**2 + 256*g - 4211. Calculate l(16).
0
Let u(b) = -7*b**2 - b + 1. Suppose -9*x = -6*x - 15. Suppose -x*n - 129 - 206 = 0. Let g = n + 68. What is u(g)?
-7
Let t(j) = -6*j**3 + 2*j**2 - 1. Let m(r) be the third derivative of -r**4/4 + 49*r**3/3 + r**2 + 5. Let p be m(16). What is t(p)?
-41
Let q(c) be the first derivative of c**4 + c**3/3 - c**2 + c + 868. What is q(2)?
33
Suppose -4*o - 176 = -7*c + 11*c, 0 = c + 6. Let k(j) = j**2 + 41*j + 110. Give k(o).
-4
Let s(x) = -2*x**3 + 2*x**2 + x - 3. Let n(b) = -b**3 - b**2 + b. Let r be 5 + 66/(-12) - (-2)/(-4). Let t(i) = r*n(i) - s(i). What is t(2)?
19
Suppose -2*d = i - 0*i + 7, 0 = -i + d + 8. Let k(b) = 2*b - 3 + 4*b**2 - 29*b**i + 30*b**3 + 2. Determine k(-2).
3
Suppose 0 = 24*v + 3 - 51. Let s(o) = 3*o**2 + 7*o + 3. Let w(p) = -p - 1. Let d(z) = -s(z) - 5*w(z). What is d(v)?
-14
Let j(t) be the third derivative of t**5/60 + t**4/8 + t**3/6 + 17*t**2 + 6*t. Let z(q) = 0*q + q + q**2 - 2*q**2. Let c be z(-2). Determine j(c).
19
Suppose -26*n = 110 + 98. Let k(d) = d**2 - d - 73. Let r be k(n). Let y(b) = -9*b**2 - 2*b - 1. Give y(r).
-8
Let b(z) = -314*z**2 + z + 1. Let q be b(-1). Let i = q + 322. Let y(x) be the second derivative of -x**3/3 + 9*x**2/2 - 2*x. Calculate y(i).
-7
Suppose -5*x - v - 2*v = 0, 0 = -x - 4*v. Suppose -j + y = x, -y - 10 = y. Let i(w) = -5 + 5 + 4*w + 6 - 2*w. Calculate i(j).
-4
Suppose 0 = 3*i + 5*y + 14, -5*y + y = -i + 18. Let u(r) = 1 - 7 + 12 + 2*r**2 - r**i - r**3 - 7. Calculate u(-1).
1
Let u(o) = -5 + o**2 - 11 - 1 + o. What is u(-6)?
13
Let u(m) = m**2 - 2*m - 4. Let o(c) = 4*c**2 - 5*c + 50. Let g(q) = o(q) - 5*u(q). What is g(11)?
4
Let r(u) = u**3 - 22*u**2 + 61*u - 72. Suppose -4*x = -80*x + 1444. Give r(x).
4
Let p(d) = -4*d + 3. Let r = -62 - -64. Suppose -s = r*f - 11, -s + 3 = -2. Suppose -3*i + 4 = -6*i + 2*m, 25 = 5*i + f*m. Determine p(i).
-5
Let b(c) = 2*c**2 - 15. Let a be 14*(345/460 - 58/56). Calculate b(a).
17
Let f(h) = -11*h. Let b be 4/(11/(-12) - 5/(-4)). Let r be 6/(-1)*(-1 - (-16)/b). Calculate f(r).
22
Let n(j) = 15 + j**3 + 11*j**2 + 2937506*j + 32 - 2937481*j + 6*j**2. Determine n(-16).
-97
Let u(s) = s**2 + s - 1. Suppose -5*q - 563 + 573 = 0. Let r(l) = -l**3 + 4*l**2 - 4*l + 11. Let v(y) = q*u(y) + r(y). Give v(6).
-3
Let x = -2142 - -2137. Let r(w) = w**3 + 7*w**2 - 3*w + 1. Determine r(x).
66
Let g(t) = 7*t. Let i(p) = -30*p + 99*p + 50*p. Let h(q) = -35*g(q) + 2*i(q). Let o be ((12/(-28))/(24/112))/2. Calculate h(o).
7
Suppose 5*z - 10 = -3*r, -2 = 2*z - 3*z + r. Let l(w) = -z*w**2 - 2*w**3 + 1 - 2*w**2 + w**2. Suppose 0 = -c + 5*t + 23, 18 = c - 3*t - t. Calculate l(c).
5
Let t be ((-570)/45)/((-12)/18). Let h(p) = p - 10. Give h(t).
9
Let p(k) = 19*k**2 - k. Let b(i) = -7*i**2 + 410*i + 176. Let x be b(59). What is p(x)?
20
Let h(q) = 2*q - 4. Let b(v) = -v**3 + 84*v + 24. Let k be b(-9). Let y(m) = 6*m - 3*m + 2*m - 7. Let g(i) = k*y(i) + 7*h(i). What is g(-5)?
-2
Let l(n) = n**2 - 6*n - 16. Suppose -21*w = -s - 26*w + 310, 4*s + 4*w = 1208. Let v = s - 292. What is l(v)?
0
Suppose -25 + 10 = -3*r. Let x be 0 + (r - (6 + -6)). Let c(y) = -3*y + 3. Determine c(x).
-12
Let b(t) = t**2 + 24*t + 110. Let o be ((-5082)/(-10))/(-33) + (-2)/(-5). Determine b(o).
-25
Suppose 5*t - 179 = -5*o - 134, -2*o + 3 = 5*t. Let y(b) = 11*b - 157. Determine y(o).
-3
Suppose -2*d + 2 + 4 = 0. Suppose -h - d*r = -20, -2*h + 6*r = 2*r. Let q(n) = 21 + 2*n**2 - 20 - h*n - n**2. Calculate q(7).
-6
Let h = 29 + -27. Let g be 4*(6/20)/(h/10). Let o(y) be the first derivative of y**2/2 - 8*y + 106. Calculate o(g).
-2
Let c(u) = -2*u. Let q(p) = p - 7*p + 3*p + 0*p. Let l(d) = 4*c(d) - 3*q(d). Let t(b) = 2*b - 11. Let s be t(8). Calculate l(s).
5
Let u(w) = -w**3 + 6*w**2 - 8*w + 8. Suppose 1654 = 133*s + 2*s + 574. Give u(s).
-184
Let q(s) be the first derivative of -3/2*s**2 + 36 - 8*s + 1/20*s**5 - 2*s**3 + 11/12*s**4. Let z(x) be the first derivative of q(x). Give z(-12).
-3
Let s(k) be the first derivative of 70*k**3/3 + 2*k**2 - 3*k + 4111. What is s(1)?
71
Suppose -4*g + 3*j + 272 = 0, -3 - 1 = -j. Let m(f) = 4*f**2 + g*f**3 - 130*f**3 + 4 + 58*f**3 - 5*f. Give m(3).
-2
Let o(s) be the first derivative of -3*s**2 + 2*s - 1. Suppose 145*a = 140*a + 5*k - 25, -5*k + 27 = -4*a. Calculate o(a).
-10
Let g(m) = 9*m + 21. Suppose o - 41 + 37 = f, 2*o + 2*f = -16. Give g(o).
3
Let o(f) = 41*f**3 - 20*f**2 + 9*f - 15. Let a(p) = -18*p**3 + 9*p**2 - 4*p + 7. Let y(b) = 9*a(b) + 4*o(b). Give y(-2).
-9
Let t(n) = 6*n + 26. Let y be t(-5). Let j = 1 - y. Suppose -f = -4*v - 19, -3*f = -5*f - 3*v + j. Let d(i) = i**3 - 8*i**2 + 5*i + 8. What is d(f)?
-6
Suppose 8*n - 9 = 31. Let f(c) = -114*c + 0 - 6 + 113*c. Give f(n).
-11
Let b(z) = -z**2 + 23*z - 10. Let w(a) = -3*a**2 - 3*a + 53. Let o be w(-4). Calculate b(o).
92
Let r(a) = 9*a - 6. Let w be r(1). Suppose -4*t = w*b - 14, -t + 5*t = 4*b - 28. Let q(c) be the first derivative of -c**2/2 + 5*c - 30. Calculate q(b).
-1
Let f(a) = -a**2 - 8*a + 1. Let u be 0 + -1 + 3*-1*-3. Let z = 1 - u. Determine f(z).
8
Let a(i) = -i + 5. Let g(s) be the third derivative of s**4/6 - 7*s**3/2 - 43*s**2. Let r(y) = -9*a(y) - 2*g(y). Determine r(8).
5
Let u(a) = -a**3 - 5*a**2 + a - 5. Suppose 5*l + 20 = -5*w, -2*l + 111 = -4*w + 119. Give u(l).
-25
Let a(i) be the first derivative of 1/3*i**3 + 1 - i**4 + 1/2*i**2 - i. Suppose -7*w + 142 - 135 = 0. Determine a(w).
-3
Let o(m) = -8*m + 1. Let x be (1/(-2))/(1/8). Let d = 1166 - 1169. Let h be ((-2)/x)/(1/(d - -5)). Give o(h).
-7
Let p(s) = 218*s + 196. Let m(v)